{"id":287,"date":"2019-09-09T20:02:34","date_gmt":"2019-09-09T18:02:34","guid":{"rendered":"https:\/\/www.thurner-josef.it\/?page_id=287"},"modified":"2021-01-09T01:27:27","modified_gmt":"2021-01-08T23:27:27","slug":"kontakt-2","status":"publish","type":"page","link":"https:\/\/www.thurner-josef.it\/?page_id=287","title":{"rendered":"KONTAKT"},"content":{"rendered":"<p>Kontaktieren Sie uns!<\/p>\n<p><em>Wir werden Sie beraten und Ihnen bestm\u00f6glichst zu Seite stehen.<\/em><\/p>\n<div class=\"contact-detail\">\n<p><a href=\"https:\/\/www.thurner-josef.it\/wordpress\/wp-content\/uploads\/2014\/10\/thurner-logo.jpg\"><img loading=\"lazy\" width=\"216\" height=\"137\" class=\"alignnone size-full wp-image-6\" src=\"https:\/\/www.thurner-josef.it\/wordpress\/wp-content\/uploads\/2014\/10\/thurner-logo.jpg\" alt=\"thurner OK\" \/><\/a><\/p>\n<p>Thurner Josef GmbH\/Srl<br \/>\n<em>Heizung und Sanit\u00e4re Anlagen<\/em><\/p>\n<p>I-39050 Jenesien\/San Genesio Atesino\u00a0(BZ)<br \/>\nS\u00fcdtirol\/Alto Adige<br \/>\nKreuzweg\/via Croce 16<\/p>\n<p><span style=\"color: #000000;\"><a style=\"color: #000000;\" href=\"https:\/\/www.thurner-josef.it\/\">www.thurner-josef.it<\/a><\/span><br \/>\n<span style=\"color: #000000;\"><a style=\"color: #000000;\" href=\"mailto:info@thurner-josef.it\">info@thurner-josef.it<\/a><\/span><\/p>\n<p>MwSt-Nr.\/Pat. IVA: 02428790212<\/p>\n<\/div>\n<div class=\"contact-detail\">\n<ul class=\"list-iconed\">\n<li>Tel. 0471\/354051<\/li>\n<li>\u00a0Fax: 0471\/354071<\/li>\n<li>\u00a0Handy: 348\/7119488<\/li>\n<\/ul>\n<\/div>\n","protected":false},"excerpt":{"rendered":"<p>Kontaktieren Sie uns! Wir werden Sie beraten und Ihnen bestm\u00f6glichst zu Seite stehen. Thurner Josef GmbH\/Srl Heizung und Sanit\u00e4re Anlagen I-39050 Jenesien\/San Genesio Atesino\u00a0(BZ) S\u00fcdtirol\/Alto Adige Kreuzweg\/via Croce 16 www.thurner-josef.it info@thurner-josef.it MwSt-Nr.\/Pat. IVA: 02428790212 Tel. 0471\/354051 \u00a0Fax: 0471\/354071 \u00a0Handy: 348\/7119488<\/p>\n","protected":false},"author":1,"featured_media":0,"parent":0,"menu_order":0,"comment_status":"closed","ping_status":"closed","template":"","meta":[],"yoast_head":"<!-- This site is optimized with the Yoast SEO plugin v17.8 - https:\/\/yoast.com\/wordpress\/plugins\/seo\/ -->\n<meta name=\"description\" content=\"Sanit\u00e4r Anlagen, B\u00e4der &amp; Badgestaltung, Heizungsanlagen. Der Firmensitz befindet sich in der Handwerkerzone in Jenesien. Tel. 0471\/354051\" \/>\n<meta name=\"robots\" content=\"index, follow, max-snippet:-1, max-image-preview:large, max-video-preview:-1\" \/>\n<link rel=\"canonical\" href=\"https:\/\/www.thurner-josef.it\/?page_id=287\" \/>\n<meta property=\"og:locale\" content=\"de_DE\" \/>\n<meta property=\"og:type\" content=\"article\" \/>\n<meta property=\"og:title\" content=\"THURNER KONTAKTCONTATTO - Sanit\u00e4r Anlagen\" \/>\n<meta property=\"og:description\" content=\"Sanit\u00e4r Anlagen, B\u00e4der &amp; Badgestaltung, Heizungsanlagen. Der Firmensitz befindet sich in der Handwerkerzone in Jenesien. Tel. 0471\/354051\" \/>\n<meta property=\"og:url\" content=\"https:\/\/www.thurner-josef.it\/?page_id=287\" \/>\n<meta property=\"og:site_name\" content=\"THURNER\" \/>\n<meta property=\"article:modified_time\" content=\"2021-01-08T23:27:27+00:00\" \/>\n<meta property=\"og:image\" content=\"https:\/\/www.thurner-josef.it\/wordpress\/wp-content\/uploads\/2014\/10\/thurner-logo.jpg\" \/>\n<script type=\"application\/ld+json\" class=\"yoast-schema-graph\">{\"@context\":\"https:\/\/schema.org\",\"@graph\":[{\"@type\":\"WebSite\",\"@id\":\"https:\/\/www.thurner-josef.it\/#website\",\"url\":\"https:\/\/www.thurner-josef.it\/\",\"name\":\"THURNER\",\"description\":\"\",\"potentialAction\":[{\"@type\":\"SearchAction\",\"target\":{\"@type\":\"EntryPoint\",\"urlTemplate\":\"https:\/\/www.thurner-josef.it\/?s={search_term_string}\"},\"query-input\":\"required name=search_term_string\"}],\"inLanguage\":\"de\"},{\"@type\":\"ImageObject\",\"@id\":\"https:\/\/www.thurner-josef.it\/?page_id=287#primaryimage\",\"inLanguage\":\"de\",\"url\":\"https:\/\/www.thurner-josef.it\/wordpress\/wp-content\/uploads\/2014\/10\/thurner-logo.jpg\",\"contentUrl\":\"https:\/\/www.thurner-josef.it\/wordpress\/wp-content\/uploads\/2014\/10\/thurner-logo.jpg\",\"width\":216,\"height\":137},{\"@type\":\"WebPage\",\"@id\":\"https:\/\/www.thurner-josef.it\/?page_id=287#webpage\",\"url\":\"https:\/\/www.thurner-josef.it\/?page_id=287\",\"name\":\"THURNER KONTAKTCONTATTO - Sanit\\u00e4r Anlagen\",\"isPartOf\":{\"@id\":\"https:\/\/www.thurner-josef.it\/#website\"},\"primaryImageOfPage\":{\"@id\":\"https:\/\/www.thurner-josef.it\/?page_id=287#primaryimage\"},\"datePublished\":\"2019-09-09T18:02:34+00:00\",\"dateModified\":\"2021-01-08T23:27:27+00:00\",\"description\":\"Sanit\\u00e4r Anlagen, B\\u00e4der & Badgestaltung, Heizungsanlagen. Der Firmensitz befindet sich in der Handwerkerzone in Jenesien. Tel. 0471\/354051\",\"breadcrumb\":{\"@id\":\"https:\/\/www.thurner-josef.it\/?page_id=287#breadcrumb\"},\"inLanguage\":\"de\",\"potentialAction\":[{\"@type\":\"ReadAction\",\"target\":[\"https:\/\/www.thurner-josef.it\/?page_id=287\"]}]},{\"@type\":\"BreadcrumbList\",\"@id\":\"https:\/\/www.thurner-josef.it\/?page_id=287#breadcrumb\",\"itemListElement\":[{\"@type\":\"ListItem\",\"position\":1,\"name\":\"Home\",\"item\":\"https:\/\/www.thurner-josef.it\/\"},{\"@type\":\"ListItem\",\"position\":2,\"name\":\"KONTAKT\"}]}]}<\/script>\n<!-- \/ Yoast SEO plugin. -->","yoast_head_json":{"description":"Sanit\u00e4r Anlagen, B\u00e4der & Badgestaltung, Heizungsanlagen. Der Firmensitz befindet sich in der Handwerkerzone in Jenesien. Tel. 0471\/354051","robots":{"index":"index","follow":"follow","max-snippet":"max-snippet:-1","max-image-preview":"max-image-preview:large","max-video-preview":"max-video-preview:-1"},"canonical":"https:\/\/www.thurner-josef.it\/?page_id=287","og_locale":"de_DE","og_type":"article","og_title":"THURNER KONTAKTCONTATTO - Sanit\u00e4r Anlagen","og_description":"Sanit\u00e4r Anlagen, B\u00e4der & Badgestaltung, Heizungsanlagen. Der Firmensitz befindet sich in der Handwerkerzone in Jenesien. Tel. 0471\/354051","og_url":"https:\/\/www.thurner-josef.it\/?page_id=287","og_site_name":"THURNER","article_modified_time":"2021-01-08T23:27:27+00:00","og_image":[{"url":"https:\/\/www.thurner-josef.it\/wordpress\/wp-content\/uploads\/2014\/10\/thurner-logo.jpg"}],"schema":{"@context":"https:\/\/schema.org","@graph":[{"@type":"WebSite","@id":"https:\/\/www.thurner-josef.it\/#website","url":"https:\/\/www.thurner-josef.it\/","name":"THURNER","description":"","potentialAction":[{"@type":"SearchAction","target":{"@type":"EntryPoint","urlTemplate":"https:\/\/www.thurner-josef.it\/?s={search_term_string}"},"query-input":"required name=search_term_string"}],"inLanguage":"de"},{"@type":"ImageObject","@id":"https:\/\/www.thurner-josef.it\/?page_id=287#primaryimage","inLanguage":"de","url":"https:\/\/www.thurner-josef.it\/wordpress\/wp-content\/uploads\/2014\/10\/thurner-logo.jpg","contentUrl":"https:\/\/www.thurner-josef.it\/wordpress\/wp-content\/uploads\/2014\/10\/thurner-logo.jpg","width":216,"height":137},{"@type":"WebPage","@id":"https:\/\/www.thurner-josef.it\/?page_id=287#webpage","url":"https:\/\/www.thurner-josef.it\/?page_id=287","name":"THURNER KONTAKTCONTATTO - Sanit\u00e4r Anlagen","isPartOf":{"@id":"https:\/\/www.thurner-josef.it\/#website"},"primaryImageOfPage":{"@id":"https:\/\/www.thurner-josef.it\/?page_id=287#primaryimage"},"datePublished":"2019-09-09T18:02:34+00:00","dateModified":"2021-01-08T23:27:27+00:00","description":"Sanit\u00e4r Anlagen, B\u00e4der & Badgestaltung, Heizungsanlagen. Der Firmensitz befindet sich in der Handwerkerzone in Jenesien. Tel. 0471\/354051","breadcrumb":{"@id":"https:\/\/www.thurner-josef.it\/?page_id=287#breadcrumb"},"inLanguage":"de","potentialAction":[{"@type":"ReadAction","target":["https:\/\/www.thurner-josef.it\/?page_id=287"]}]},{"@type":"BreadcrumbList","@id":"https:\/\/www.thurner-josef.it\/?page_id=287#breadcrumb","itemListElement":[{"@type":"ListItem","position":1,"name":"Home","item":"https:\/\/www.thurner-josef.it\/"},{"@type":"ListItem","position":2,"name":"KONTAKT"}]}]}},"_links":{"self":[{"href":"https:\/\/www.thurner-josef.it\/index.php?rest_route=\/wp\/v2\/pages\/287"}],"collection":[{"href":"https:\/\/www.thurner-josef.it\/index.php?rest_route=\/wp\/v2\/pages"}],"about":[{"href":"https:\/\/www.thurner-josef.it\/index.php?rest_route=\/wp\/v2\/types\/page"}],"author":[{"embeddable":true,"href":"https:\/\/www.thurner-josef.it\/index.php?rest_route=\/wp\/v2\/users\/1"}],"replies":[{"embeddable":true,"href":"https:\/\/www.thurner-josef.it\/index.php?rest_route=%2Fwp%2Fv2%2Fcomments&post=287"}],"version-history":[{"count":8,"href":"https:\/\/www.thurner-josef.it\/index.php?rest_route=\/wp\/v2\/pages\/287\/revisions"}],"predecessor-version":[{"id":302,"href":"https:\/\/www.thurner-josef.it\/index.php?rest_route=\/wp\/v2\/pages\/287\/revisions\/302"}],"wp:attachment":[{"href":"https:\/\/www.thurner-josef.it\/index.php?rest_route=%2Fwp%2Fv2%2Fmedia&parent=287"}],"curies":[{"name":"wp","href":"https:\/\/api.w.org\/{rel}","templated":true}]}}